ive u(g).
5
Let f(d) = -d + 4. Suppose 2*o = -3*o - 2*g - 917, -g = -2*o - 374. Let i = 192 + o. Determine f(i).
-3
Let s(g) = g + 1. Let k be 2 - (-3)/((-27)/(-4986)). Let x = 559 - k. Give s(x).
4
Let h(g) = 5*g**3 + 30*g**2 + 47*g - 15. Let i(n) = 2*n**3 + 10*n**2 + 16*n - 5. Let s = -305 - -313. Let r(b) = s*i(b) - 3*h(b). What is r(11)?
-17
Let q(j) be the third derivative of -j**7/5040 + j**6/240 - j**5/60 + 31*j**4/24 + 326*j**2. Let c(d) be the third derivative of q(d). Calculate c(1).
2
Suppose -21*v - 603 = 35*v + 11*v. Let t(f) = -f**2 - 9*f + 12. What is t(v)?
12
Let b(o) = -3*o**3 + 5*o**2 - 1. Let z(r) = 1675*r + 3352. Let k be z(-2). Calculate b(k).
-5
Let x be (2 - 4) + 4/1. Let k(i) = 2*i**2 - 13*i + 8. Let q be k(6). Let u(h) = 5*h - 7. Let t(l) = -12*l + 17. Let s(g) = q*t(g) + 5*u(g). Determine s(x).
1
Let y be (2/2)/(2/(-4)). Let k(v) = 2*v**2 - 28*v - 4. Let w(j) = -j**2 + 13*j + 2. Let b(c) = -6*k(c) - 13*w(c). What is b(y)?
4
Let x(a) = -2 - 15*a - 1682*a**3 + 1681*a**3 + 12*a**2 + 6. Let v be x(10). Let r = 54 - v. Let i(m) = m - 10. Give i(r).
-10
Let j = 16578 + -16581. Let h(f) = -4*f**2 - 22*f - 15. Give h(j).
15
Let b = 31359 + -31360. Let y(d) = 26*d - 14. Let j(h) = -9*h + 5. Let v(u) = 17*j(u) + 6*y(u). Determine v(b).
-2
Let d(u) = 4*u**2 + 167*u + 52. Let m(z) = -4*z**2 - 125*z - 52. Let g(h) = 3*d(h) + 4*m(h). What is g(0)?
-52
Let k(l) be the second derivative of -l**6/360 + l**5/40 - l**4/6 + 8*l**3/3 - l**2/2 - 25*l. Let n(m) be the second derivative of k(m). Give n(2).
-2
Let h(k) = -k + 0 + 0*k + 80*k**2 + k**3 - 1 - 2 - 77*k**2. Let v be -3*3*27/81. Calculate h(v).
0
Let c(r) = 8*r**2 - 4*r - 9. Let h be c(-2). Suppose 7 = 4*a + h. Let b(q) be the second derivative of -q**4/12 - q**3/2 + 3*q**2 - 2*q. Calculate b(a).
-12
Let w(i) = -1180*i**3 + 1181*i**3 + i + i**2 - 3*i**2 - 4. Let v(p) = -p**2 + p + 1. Let f(m) = 3*v(m) + w(m). What is f(3)?
-7
Let i(y) = -y**2 - y - 59 + 59 - y**3. Suppose -78*b = -75*b. Determine i(b).
0
Let k(l) = 2*l**2 - 5*l - 10. Let s(r) = 10*r**3 - 59*r**2 - 3*r - 13. Let f be s(6). What is k(f)?
15
Let t(m) be the first derivative of m**2/2 + 9*m + 3284. What is t(5)?
14
Let l(g) = 1789*g - 3*g**3 + 31 - 32 - g**2 - 1786*g. What is l(3)?
-82
Let y(k) = k**3 - 9*k**2 - 4*k - 1. Let t be (144/42)/6*(-105)/(-6). Calculate y(t).
59
Let w(c) = 87 - 7*c - 38 + 6*c - 47. Let a = -97 + 101. Determine w(a).
-2
Let t(h) = -2*h**3 + 12*h**2 - 11*h + 6. Let k be t(5). Suppose 0*i + 5*i = 2*d - 2, -i - k = -d. Let l(n) = 4*n - 5*n + 0*n + d - 11. Determine l(0).
-10
Let x(s) = -23 + 40*s - 10 - 2 - 6*s**2. Let y(m) = -m**2 + 8*m - 7. Let b(d) = 2*x(d) - 11*y(d). Suppose -3*n - 17 = 38*p - 34*p - 2, -p + 3 = 0. What is b(n)?
-2
Let u(k) be the first derivative of k**3/3 + 3*k**2/2 - 1. Suppose 5*p - 24 = 11. Suppose -41 - p = 12*t. Give u(t).
4
Let n(r) = 15*r + 1 - 12*r - 9*r - 1876*r**2 + 1875*r**2. Determine n(5).
-54
Let v(k) be the third derivative of 1/6*k**3 - 88*k**2 + 0 + 0*k + 1/3*k**5 + 1/12*k**4. Let m be ((-2)/(-6))/(2/(-6)). What is v(m)?
19
Let m(j) be the second derivative of j**4/24 - 7*j**3/6 - 65*j**2/2 + 6*j - 6. Let y(f) be the first derivative of m(f). Give y(7).
0
Suppose -178*m - 42 = -179*m. Suppose -3*y + 0*y - 3*g - m = 0, 4*y - g + 41 = 0. Let i(a) = 2*a + 16. What is i(y)?
-6
Let u(k) = 11*k**2 - 11*k - 4. Let o(g) = -92 + 47 + 47 - 5*g**2 + 0*g + 5*g. Suppose 2 = 2*z + 3*i - 4, -3 = z + 3*i. Let x(r) = z*o(r) + 4*u(r). Give x(0).
2
Let c(p) = p**3 + p**2 + 2*p + 1. Let s(l) = l**2 - 5*l + 6. Let n be s(4). Let x = 687 - 683. Suppose 8 = -4*r - n*b, -r - x*r - 10 = -5*b. Calculate c(r).
-7
Let v(z) = -15*z - 4*z**2 - 6 + 3 + 8 + 8*z. Let m(l) = -5*l**2 - 7*l + 5. Let c(y) = -3*m(y) + 4*v(y). Suppose 2*i + 0*i - 26 = 3*b, -i = -4. Determine c(b).
11
Let p(r) be the second derivative of r**4/12 + 23*r**3/6 - 81*r**2/2 + 376*r + 6. Give p(-26).
-3
Let j be 17/2*(96/(-6))/(-4). Let i = 36 - j. Let n(f) = -2 - 5*f - 3*f + f**3 + 5*f + i*f**2. Determine n(-3).
-2
Suppose -2*v = -198 + 160. Suppose -2*x + 5*u = 18, -4*u = -x + 4 - v. Let m(c) = 2*c + c + 1 - 5*c. Give m(x).
-1
Suppose -3*j = -15, -2*d - j = d + 7. Let m(w) be the first derivative of 2*w**2 + 9*w - 13993. Determine m(d).
-7
Let w(q) = 43*q - 3. Suppose -317 = -234*v - 83. Calculate w(v).
40
Let m(x) = -x**3 + 8*x**2 - 8*x - 3. Let w(b) = 7 - 10*b + 4973*b**2 + 2*b - 4974*b**2. Let a be w(-8). Determine m(a).
-10
Let x(f) = -4*f - f**2 + 27*f - 15*f + 7 - 2 - 23. Give x(6).
-6
Suppose 7 = -7*q - 4 - 80. Let o(k) = -2*k**3 - 27*k**2 - 18*k - 19. Determine o(q).
46
Let x(n) = 8*n - 67. Let l be (12/(-72))/((-6)/504) - 5. Determine x(l).
5
Let o(g) be the first derivative of -g**3/3 - 3*g**2 + 8*g + 69844. Let v(d) = -3*d + 6. Let u be v(4). Calculate o(u).
8
Let v = -311 + 315. Let h(z) = -20 - 1 + 4 - v*z + 0. Calculate h(-5).
3
Let w be (-90)/70 - (-2)/7. Let p = -358 + 360. Let c(s) = s**2 + 12*s**2 + s - 11*s**2 + 3*s**p. Calculate c(w).
4
Let x(i) = i**3 + 8*i**2 + 4*i - 3. Let a = 1380 - 1386. Give x(a).
45
Let u(k) = k + 2. Let s = -57 + 154. Let v(o) = -121*o + 3647. Let x be v(31). Let t = x + s. Give u(t).
-5
Let y(l) = 16*l + 5. Let o(a) = 3*a + 1. Suppose -44 = 3*r - 2*p - 15, 0 = -5*r + 3*p - 48. Let c(q) = r*o(q) + 2*y(q). Give c(-2).
-9
Suppose 1 - 10 = -3*p. Let b(f) = -1 + 6*f + f**3 - 2 + p*f**2 + 3*f**2 - 5*f. Calculate b(-6).
-9
Suppose -z + 15 = 8*s, z - 2*s + 5*s - 5 = 0. Let f(p) = -13*p + 6. Give f(z).
19
Let v(y) = -89*y + 461. Let r be v(5). Let z(b) = b + 9 - r + 9. Suppose g = 2*q - 3, 2*g + 6 = 2*q + 3*q. Give z(q).
2
Let a(m) = -4*m**2 - 6*m - 22. Let v(l) = l**2 + 2*l + 7. Let c(b) = -3*a(b) - 10*v(b). Suppose -8*s - 13 = 83. Let g be 6/4*(s - -14). What is c(g)?
8
Let q(n) = -n**2 + 10*n - 6. Suppose 2*f - 7*f = -30. Suppose -5*t + 5 = 3*i, f*t - 4*t + 9 = i. Suppose -i*b + 0*o - o + 47 = 0, 2*o = 4. Give q(b).
3
Let o be (1 + 1)*36 + 9 + -10. Let j(i) = i**2 + 35 - 3*i - o + 31. Give j(5).
5
Let h(b) be the third derivative of b**5/60 + b**4/4 + 9*b**3/2 + 5*b**2 + 6*b - 13. What is h(-12)?
99
Let c(b) = 3306*b**2 + b**3 + 105 - 2*b + 3*b - 16 - 3305*b**2. Determine c(0).
89
Let b be ((-72)/4)/((-27)/(-144)*8). Let s(m) = m**2 + 7*m - 10. What is s(b)?
50
Let q be (349 - 350)*(2 + 1/1). Let w(v) = 9*v - 8. What is w(q)?
-35
Let f(k) be the second derivative of -k**6/360 - k**5/20 + 3*k**4/8 + 19*k**3/6 - k**2/2 + 39*k. Let q(x) be the second derivative of f(x). Give q(-7).
2
Let b(j) = 2 - 25*j + j**2 - 17 + 26*j - j**3. Suppose 5 = -5*w, 3*w - 110 = 5*k - 2*w. Let g(z) = 2*z**2 + 46*z. Let v be g(k). Give b(v).
-15
Let r(x) be the first derivative of 1/4*x**4 - 2*x**3 - 73 + 3/2*x**2 + 5*x. What is r(5)?
-5
Let d(b) = -8*b + 12. Let h be 30/(-11) - (11 + 1652/(-154)). What is d(h)?
36
Let s(x) = 5*x**3 - 3*x + 1. Let t = -53 - -55. Let v be s(t). Suppose -2*z - v + 25 = 0. Let b(m) = m**2 + 6*m. What is b(z)?
-5
Let u(c) = -9*c + 2. Suppose -41*d + 3*d + 178 + 316 = 0. Give u(d).
-115
Let i = -43735 + 43743. Let u(r) be the first derivative of -r**4/12 + r**3 + 4*r**2 - 2*r - 2. Let f(s) be the first derivative of u(s). What is f(i)?
-8
Let d(w) be the third derivative of w**6/120 + 2*w**5/5 - 19*w**4/24 + 163*w**3/6 + 956*w**2 - 2*w. Calculate d(-25).
13
Let o(d) = d + 1. Let n be o(-6). Let x(t) = -t**2 - t. Let l(v) = 3*v**2 + 3*v. Let s(g) = n*x(g) - 2*l(g). Suppose 0 = -162*p + 751 - 751. Determine s(p).
0
Let x(g) = 5*g**2 + 4*g + 3. Let s(r) = 4*r**2 + 5*r + 2. Let k be (12/7)/((-60)/35 + 2). Suppose -3*f + k*f = -9. Let o(q) = f*x(q) + 4*s(q). What is o(-9)?
8
Suppose -3*m - n = -146, -3*m + n + 161 = 5*n. Let k(i) = 1 + i**3 - 31*i - 17*i + m*i. Give k(-1).
1
Let z(g) be the first derivative of -68 + 285*g - 280*g + 263 - g**2. Let y be (-26)/(-6) + 2/(-6). Calculate z(y).
-3
Let n(r) = -36225*r**3 + 72414*r**3 - r - 36217*r**3. Give n(1).
-29
Let g be 14*-26*10/(-455). Let q(t) = t**3 - 7*t**2 - t - 5. What is q(g)?
51
Let o(g) = -26*g - 9*g**2 - 3*g**2 + 19 + 100*g**3 - 39*g**3 - 35*g**3 - 27*g**3. What is o(-9)?
10
Let r(l) = 11 - 306*l - 26 + 605*l - 302*l. What is r(-6)?
3
Let l(n) = -7*n. Let j be (-20)/(-25)*-5*5. Let u = j - -16. Let i be ((-2)/u)/(